en 1225 is divided by 167?
56
What is the remainder when 408 is divided by 246?
162
Calculate the remainder when 197 is divided by 34.
27
What is the remainder when 1469 is divided by 488?
5
Calculate the remainder when 732 is divided by 224.
60
What is the remainder when 787 is divided by 20?
7
What is the remainder when 414 is divided by 47?
38
Calculate the remainder when 2530 is divided by 230.
0
What is the remainder when 152 is divided by 41?
29
What is the remainder when 676 is divided by 231?
214
What is the remainder when 439 is divided by 27?
7
Calculate the remainder when 69 is divided by 25.
19
What is the remainder when 4414 is divided by 96?
94
Calculate the remainder when 595 is divided by 570.
25
Calculate the remainder when 130 is divided by 12.
10
What is the remainder when 1722 is divided by 434?
420
Calculate the remainder when 141 is divided by 11.
9
What is the remainder when 607 is divided by 18?
13
Calculate the remainder when 102 is divided by 52.
50
What is the remainder when 3834 is divided by 318?
18
What is the remainder when 232 is divided by 9?
7
Calculate the remainder when 168 is divided by 80.
8
What is the remainder when 3333 is divided by 1089?
66
Calculate the remainder when 119 is divided by 44.
31
What is the remainder when 395 is divided by 100?
95
What is the remainder when 164 is divided by 22?
10
Calculate the remainder when 964 is divided by 42.
40
What is the remainder when 312 is divided by 7?
4
What is the remainder when 49 is divided by 21?
7
What is the remainder when 120 is divided by 38?
6
What is the remainder when 176 is divided by 100?
76
Calculate the remainder when 36 is divided by 29.
7
What is the remainder when 416 is divided by 112?
80
Calculate the remainder when 23492 is divided by 127.
124
What is the remainder when 246 is divided by 123?
0
What is the remainder when 154 is divided by 52?
50
Calculate the remainder when 1147 is divided by 122.
49
What is the remainder when 473 is divided by 55?
33
What is the remainder when 474 is divided by 25?
24
Calculate the remainder when 332 is divided by 22.
2
Calculate the remainder when 241 is divided by 43.
26
Calculate the remainder when 254 is divided by 51.
50
Calculate the remainder when 478 is divided by 15.
13
What is the remainder when 504 is divided by 91?
49
Calculate the remainder when 484 is divided by 481.
3
What is the remainder when 133 is divided by 71?
62
Calculate the remainder when 1737 is divided by 79.
78
What is the remainder when 6370 is divided by 277?
276
Calculate the remainder when 3751 is divided by 61.
30
Calculate the remainder when 5819 is divided by 208.
203
What is the remainder when 320 is divided by 106?
2
Calculate the remainder when 328 is divided by 308.
20
Calculate the remainder when 61 is divided by 43.
18
What is the remainder when 2408 is divided by 51?
11
Calculate the remainder when 927 is divided by 17.
9
What is the remainder when 575 is divided by 166?
77
Calculate the remainder when 86 is divided by 8.
6
What is the remainder when 657 is divided by 230?
197
Calculate the remainder when 610 is divided by 51.
49
Calculate the remainder when 82 is divided by 17.
14
What is the remainder when 4005 is divided by 16?
5
What is the remainder when 1063 is divided by 7?
6
What is the remainder when 911 is divided by 51?
44
What is the remainder when 177 is divided by 5?
2
Calculate the remainder when 118 is divided by 21.
13
What is the remainder when 124 is divided by 43?
38
Calculate the remainder when 76 is divided by 40.
36
What is the remainder when 4214 is divided by 1052?
6
Calculate the remainder when 424 is divided by 64.
40
Calculate the remainder when 469 is divided by 66.
7
Calculate the remainder when 1077 is divided by 64.
53
Calculate the remainder when 389 is divided by 136.
117
What is the remainder when 19 is divided by 15?
4
Calculate the remainder when 399 is divided by 35.
14
Calculate the remainder when 376 is divided by 13.
12
Calculate the remainder when 247 is divided by 14.
9
What is the remainder when 53 is divided by 7?
4
What is the remainder when 10763 is divided by 5?
3
Calculate the remainder when 720 is divided by 247.
226
Calculate the remainder when 301 is divided by 67.
33
Calculate the remainder when 459 is divided by 92.
91
What is the remainder when 37 is divided by 5?
2
What is the remainder when 559 is divided by 51?
49
What is the remainder when 214 is divided by 33?
16
Calculate the remainder when 220 is divided by 37.
35
What is the remainder when 382 is divided by 35?
32
Calculate the remainder when 33837 is divided by 90.
87
Calculate the remainder when 95 is divided by 34.
27
What is the remainder when 87 is divided by 16?
7
What is the remainder when 483 is divided by 54?
51
What is the remainder when 7726 is divided by 48?
46
What is the remainder when 44 is divided by 44?
0
Calculate the remainder when 216 is divided by 51.
12
Calculate the remainder when 533 is divided by 37.
15
What is the remainder when 12459 is divided by 140?
139
What is the remainder when 441 is divided by 379?
62
Calculate the remainder when 13128 is divided by 202.
200
Calculate the remainder when 8271 is divided by 826.
11
What is the remainder when 188 is divided by 19?
17
What is the remainder when 60 is divided by 24?
12
Calculate the remainder when 303 is divided by 24.
15
What is the remainder when 611 is divided by 168?
107
What is the remainder when 4749 is divided by 79?
9
What is the remainder when 81 is divided by 23?
12
Calculate the remainder when 622 is divided by 105.
97
What is the remainder when 1915 is divided by 74?
65
What is the remainder when 606 is divided by 8?
6
Calculate the remainder when 1185 is divided by 22.
19
Calculate the remainder when 364 is divided by 326.
38
Calculate the remainder when 168 is divided by 17.
15
What is the remainder when 58 is divided by 40?
18
What is the remainder when 259 is divided by 60?
19
What is the remainder when 64 is divided by 58?
6
Calculate the remainder when 244 is divided by 88.
68
Calculate the remainder when 324 is divided by 8.
4
What is the remainder when 879 is divided by 65?
34
What is the remainder when 543 is divided by 24?
15
What is the remainder when 2634 is divided by 2633?
1
What is the remainder when 852 is divided by 143?
137
What is the remainder when 1133 is divided by 376?
5
What is the remainder when 1877 is divided by 210?
197
What is the remainder when 82 is divided by 17?
14
What is the remainder when 4029 is divided by 130?
129
What is the remainder when 411 is divided by 9?
6
What is the remainder when 334 is divided by 29?
15
Calculate the remainder when 3691 is divided by 34.
19
What is the remainder when 234 is divided by 21?
3
Calculate the remainder when 1634 is divided by 807.
20
What is the remainder when 117 is divided by 40?
37
Calculate the remainder when 1464 is divided by 78.
60
Calculate the remainder when 367 is divided by 209.
158
What is the remainder when 1263 is divided by 159?
150
What is the remainder when 12538 is divided by 380?
378
Calculate the remainder when 1251 is divided by 1251.
0
What is the remainder when 503 is divided by 122?
15
Calculate the remainder when 111 is divided by 2.
1
What is the remainder when 1166 is divided by 42?
32
What is the remainder when 184 is divided by 154?
30
Calculate the remainder when 300 is divided by 95.
15
Calculate the remainder when 271 is divided by 39.
37
Calculate the remainder when 5950 is divided by 135.
10
Calculate the remainder when 956 is divided by 220.
76
Calculate the remainder when 225 is divided by 69.
18
Calculate the remainder when 15 is divided by 2.
1
What is the remainder when 301 is divided by 146?
9
Calculate the remainder when 141 is divided by 72.
69
What is the remainder when 442 is divided by 16?
10
What is the remainder when 347 is divided by 3?
2
What is the remainder when 264 is divided by 140?
124
Calculate the remainder when 475 is divided by 40.
35
What is the remainder when 13480 is divided by 15?
10
What is the remainder when 454 is divided by 51?
46
Calculate the remainder when 7953 is divided by 156.
153
What is the remainder when 1398 is divided by 40?
38
What is the remainder wh